 the prime factors of -2 - (-40)/18 - 212408/(-126).
2, 3, 281
Let k(o) = -36*o - 106. List the prime factors of k(-8).
2, 7, 13
Let t = 2 + 1. Suppose 3*p = -t + 15. What are the prime factors of 928/12 + p/(-3)?
2, 19
Let v = 48 + -43. Suppose 192 = -v*h + 642. What are the prime factors of h?
2, 3, 5
Let r = -10 - -7. Let g(i) = i**2 - 4. Let d be g(r). Suppose -s - 20 = -d*s. What are the prime factors of s?
5
Suppose 2*r + 124 = 6*i - 4*i, 0 = -5*i + 4*r + 307. Suppose -5*k + 6*k - i = 0. What are the prime factors of k?
59
Suppose 3*t - 6*t = -9. Suppose -t*d = -3*o - 18, -14 = -5*d - 3*o + 4*o. Suppose 0*a - 14 = -d*a. List the prime factors of a.
7
Let u(m) = -30*m + 1. Let c be u(-7). Let v = 305 - c. Let s = 138 - v. What are the prime factors of s?
2, 11
Suppose 14*x - 17*x + 4*c + 2157 = 0, 3*x + c = 2172. What are the prime factors of x?
3, 241
Let p(i) be the first derivative of -i**3/3 - 7*i**2 - 20*i - 2. What are the prime factors of p(-8)?
2, 7
Suppose 0 = 9*o - 5036 - 8869. What are the prime factors of o?
3, 5, 103
Let u = -6 + 9. Let f be 1/u - 5/15. Suppose -2*g = -2*m - f*g + 62, -g = 3*m - 73. List the prime factors of m.
2, 13
Let m(b) be the third derivative of -7*b**4/6 - b**3/6 + 10*b**2. Let t be m(-1). Suppose -3*r = -4*f + t, -f - 2*f = 4*r - 39. What are the prime factors of f?
3
Let z = -26 + 28. Let v(h) = 20*h**2 + 3*h - 5. List the prime factors of v(z).
3
Suppose 120 = 10*q - 5*q. Suppose -q*t = -26*t + 78. List the prime factors of t.
3, 13
Suppose 3*q = 6*q + b - 281, -2*b = 4*q - 372. Let w = -56 + q. List the prime factors of w.
3, 13
Suppose -4*l - 44 = -4*n, 2*n + l = 2*l + 18. Suppose -v + 6 - 42 = 0. Let y = n - v. What are the prime factors of y?
43
Suppose 3*m - 4869 + 830 = x, 0 = -5*m + 3*x + 6737. List the prime factors of m.
5, 269
Suppose 2*x - 3*g = 1697, -34*g = x - 37*g - 841. List the prime factors of x.
2, 107
Suppose 0 = -5*b + 2*b - 24. Let n(m) = -m**2 - 10*m - 10. Let j be n(b). Let c(f) = f - 2. What are the prime factors of c(j)?
2
Suppose 0*k + 5*k = 3*u - 5, -u + 11 = 3*k. Suppose z - u*z + 256 = 0. What are the prime factors of z?
2
Let x = 486 - 176. Suppose -4*c = -x - 326. What are the prime factors of c?
3, 53
Suppose 21*j + j = 31042. What are the prime factors of j?
17, 83
Let k(m) = -m**2 + 7*m + 3. Let f be k(7). Suppose -d + 52 = f*d + 4*y, d = 5*y - 17. Suppose -4*i = -d*i + 56. What are the prime factors of i?
2, 7
Suppose 3*o = 3*x - 147, 5*o + 127 = 4*x - 72. Suppose 16 = -5*b - 2*p + x, 10 = -2*p. List the prime factors of 18/b + (-33)/(-44).
3
Let f be (-7 + 2)*(3 - 4). Suppose -3*m + 2*m - y + 56 = 0, -2*y = -f*m + 315. What are the prime factors of m?
61
Let t(r) = -137*r + 158. List the prime factors of t(-6).
2, 5, 7
Let s(v) = 2*v**3 - 2*v**2 - 10*v + 2. List the prime factors of s(5).
2, 19
Suppose 0 = 5*p - 95 + 25. Suppose -p*v - 508 = -18*v. What are the prime factors of v?
127
Let y = 515 - 336. Suppose 421 + y = 3*z. List the prime factors of z.
2, 5
Let x(o) = o**2 - 2*o + 2. Let v be x(0). Suppose 5*c + 4*t = 313, -2*c - v*c = -5*t - 275. What are the prime factors of c?
5, 13
Let d be 1/(-1)*(1 + 1). Let j(w) be the second derivative of -2*w**3 + 13*w. List the prime factors of j(d).
2, 3
Let x = -113 + 65. What are the prime factors of (-8)/x + (-1090)/(-12)?
7, 13
Suppose 10 = -4*d + 26. Suppose 137 = d*t - 475. What are the prime factors of t?
3, 17
Let t(c) = c**2 - c. Let n be t(0). Let x(u) = -3*u + 3*u - 6*u - 5 + n*u. What are the prime factors of x(-3)?
13
Suppose -22*k - 1379 = -27*k + 4*m, -k = -5*m - 259. What are the prime factors of k?
3, 31
Suppose 0 = -4*a + 4*l + 212, -5*a - l + 253 = -0*a. Let u = a + 48. List the prime factors of u.
3, 11
What are the prime factors of 2 + (-18)/15 + 28430/25?
2, 569
Suppose 7 = -3*a + a + 5*b, 4*b = 2*a + 4. Suppose -5*t = -a*g - 297, 4*t - 240 = 4*g - 0*g. List the prime factors of t.
3, 19
Let q(f) = f**2 + 3*f - 3. Let t(n) = -n**3 + 3*n + 0*n**3 + 2*n**3 + 6*n**2 - 2*n. Let r be t(-6). List the prime factors of q(r).
3, 5
Let k(l) = -l + 2. Let y be k(-2). Suppose -2*o + 420 = y*w, 3 + 1 = -4*w. What are the prime factors of o/18 - 10/(-45)?
2, 3
Let j be 2/10 - 3598/(-35). Let p = j + -32. Suppose 0 = -5*a + 3*k - 0*k + p, 0 = -5*a + 4*k + 68. List the prime factors of a.
2
Let a(b) = -b**3 - 6*b**2 + 5*b - 2. Let k be a(-7). Let j = -23 - -33. Let f = k - j. What are the prime factors of f?
2
Suppose 15 = 5*d, 7*w - d - 2797 = 3*w. What are the prime factors of w?
2, 5, 7
Let j = -21 - -12. Let d(o) = -o**3 - 7*o**2 + 13*o + 9. List the prime factors of d(j).
2, 3
What are the prime factors of (13 + (-13524)/(-8))/(2/4)?
3407
Suppose 80 + 24 = -4*l. Let y = 94 + -140. Let d = l - y. What are the prime factors of d?
2, 5
Suppose 7*m - 10*m = -45. What are the prime factors of 6/m + 4134/15?
2, 3, 23
Let x(j) be the third derivative of j**4/8 - 10*j**3/3 + 14*j**2. List the prime factors of x(18).
2, 17
Let r = -258 - -563. Suppose -13*s + r + 1151 = 0. List the prime factors of s.
2, 7
Suppose 2*b - 7*b + 5 = 0, 0 = y + 3*b - 529. List the prime factors of y.
2, 263
Suppose -758 = 4*g - 2*r - 4188, -3440 = -4*g + 4*r. What are the prime factors of g?
3, 5, 19
Let b(l) = 9*l**2 - 5*l + 9. Let c(z) = -14*z**2 + 7*z - 14. Let v(y) = 8*b(y) + 5*c(y). List the prime factors of v(-4).
2, 3
Let q(k) = -4*k + 8. Let y be q(-5). Suppose -2*l = -4*l + y. Suppose 5*m + l = 2*p + 80, -4*p - 6 = -m. What are the prime factors of m?
2, 7
Let q(v) = v**2 + v + 302. Let o be q(0). Let x = o - 163. What are the prime factors of x?
139
Let p(o) = -o**3 - 4*o**2 - 5*o - 2. Let s(a) = -2*a + 9. Let t be s(6). Let r be p(t). Suppose r - 13 = -m. What are the prime factors of m?
3
Suppose 0 = 4*s - 0 - 12. Suppose -s = 5*k - 13. Suppose 0 = 4*p + 4*v - 256, -k*p = -3*v + 6*v - 129. What are the prime factors of p?
3, 7
Let r(l) = 95*l**2 + 2*l + 1. Let p be r(-1). Suppose v + 3*j - 57 = -0*v, -2*v - j + p = 0. What are the prime factors of v?
3, 5
Suppose 0*j - 104 = 2*j - 2*k, 4*k = -4*j - 192. What are the prime factors of (-30)/(5/(j/15))?
2, 5
Let c be (15/(-6))/(2/(-4)). Suppose -3*s = -7*h + 2*h - 88, -c*s = 5*h + 80. Let x = -3 - h. What are the prime factors of x?
2, 7
What are the prime factors of (3450/40)/(6/88)?
5, 11, 23
Suppose -2*q = 2*v - v - 4324, 0 = 3*q - 3*v - 6486. What are the prime factors of q?
2, 23, 47
Let u = -105 + 261. What are the prime factors of u?
2, 3, 13
Suppose -2*h + 9 = 1. Let g be ((-6)/h)/((-3)/(-4)). List the prime factors of 309/21 + g/(-7).
3, 5
What are the prime factors of 217/((22 - 26)*1/(-4))?
7, 31
Let g(d) = 13*d + 13*d - 24*d - 6. Let q be g(4). List the prime factors of 52/q - (11 + -10).
5
Let o be ((2 + -5)/(-3))/((-4)/(-400)). Let g be 2*2/8*12. Suppose 0 = -g*s + s + o. List the prime factors of s.
2, 5
Let x(y) = 5*y**2 + 15*y + 2. Let a be x(-5). What are the prime factors of (206/(-6))/(a/(-12) - -4)?
103
Let b be (-7)/((-21)/(-6))*9. Let a be (-4)/(-4)*1 - b. Suppose a + 9 = 2*k. List the prime factors of k.
2, 7
Let a = 128 - 118. Suppose a*w - 653 = 1497. What are the prime factors of w?
5, 43
Let h = -8 - -8. Suppose 3*l - 4*o + 133 = h, 6*o - 3*o + 144 = -4*l. List the prime factors of ((-2)/(-3))/((-2)/l).
13
Let n(l) be the second derivative of -l**4/12 - 11*l**3/3 - 17*l**2/2 + 2*l. What are the prime factors of n(-17)?
2, 17
Suppose 0 = -4*f + 4, -2*h + 3*f + 13 = 2*h. List the prime factors of 81 - ((-6)/h)/((-3)/(-8)).
5, 17
Let u = 8 + -7. List the prime factors of (-1)/(-2) + (462/4 - u).
5, 23
Let d = 8 + -5. Suppose 0 = -5*v - 2*m + 216, v + d*m - m = 48. List the prime factors of v.
2, 3, 7
Suppose 3*p = 5*y + 8 + 9, 0 = y - 3*p + 13. Let v(f) be the third derivative of -f**6/24 - f**5/60 - 5*f**2. What are the prime factors of v(y)?
2
Let k(y) = -41*y + 58. List the prime factors of k(-5).
263
Suppose -5*k + 3*v - 144 = 48, -128 = 4*k + 4*v. What are the prime factors of 12/k - 19/(-3)?
2, 3
Suppose 1 = -5*y + a, -y + 5*a + 2 = 7. Suppose -4*b - 5*r + 732 = y, 452 = 3*b - 5*r - 97. List the prime factors of b.
3, 61
Let r(z) = 2*z**2 - 23*z + 378. List the prime factors of r(-43).
5, 1013
Let o be (-1)/6 + (2409/(-18))/(-11). Let q = o